rivative of -c**5/60 + 7*c**4/24 - c**3/3 - 27*c**2. Calculate s(q).
8
Let s(m) = -4*m + 38. Let u(d) = -2*d - 17. Let o be u(-13). Let z be s(o). Let t(b) = 2*b. Let k(c) = -5*c. Let i(f) = 3*k(f) + 7*t(f). Calculate i(z).
-2
Let m(t) = t**3 + 6*t**2 + 2*t + 4. Suppose 0*p = r - 3*p - 29, -3*p - 75 = -3*r. Suppose 1 = -4*s - r. Let x be 8/48 + 37/s. What is m(x)?
-8
Let k be ((-3)/(-2) + -1)*10. Let b(n) = 5*n**2 - 10 - 4*n**3 + 15 + 3*n**3. What is b(k)?
5
Let i(u) = 433*u**2 - 37 - 15*u - 872*u**2 + 438*u**2 + 37*u. Give i(20).
3
Suppose -5*f - 150 = -20*f. Let o(l) = l - 1. What is o(f)?
9
Let i(b) = -b**3 - b + 1. Let k be i(0). Suppose 0 = h - 0 - k. Let x(n) = -8 + 2 - 2 + 9 - 4*n. Calculate x(h).
-3
Let a(k) be the second derivative of -k**3/3 - 2*k**2 + 70*k. Give a(-4).
4
Let u be 3*(6 - (-3 - -14))/(-5). Let s(i) be the third derivative of 0*i + 7*i**2 + 0 + 0*i**5 - 1/20*i**6 + 1/6*i**u - 1/24*i**4. Calculate s(1).
-6
Let v(y) = -11*y - 2 + 0*y**2 + 12 + y**3 + 0*y - 4 - 10*y**2. Determine v(11).
6
Let i(y) = -y + 1. Let p(c) be the third derivative of c**4/8 - 53*c**3/6 - 9*c**2. Let s(d) = -d + 18. Let r(o) = -3*p(o) - 8*s(o). Let w be r(11). Give i(w).
-3
Let u(t) = -7*t + 18. Let k(v) = 14*v - 38. Let h(m) = -4*k(m) - 9*u(m). Calculate h(8).
46
Let p(r) = r**3 - 9*r**2 + 9*r - 2. Let j be ((-108)/9)/(3/(-8)). Suppose j = -4*f + 8*f. Give p(f).
6
Suppose u - 10 = i, 4*i + 8*u = 3*u - 58. Let a(g) = -g**2 - 10*g + 12. Calculate a(i).
-12
Let p(k) = -k**3 - k**2 + 2*k. Let b(t) = 2*t**2 - 23*t + 70. Let x be b(6). Give p(x).
-72
Let q(m) = 4*m + 22. Let v be ((-1)/2)/(2/24). What is q(v)?
-2
Let c = -124 - -156. Suppose 0 = -26*o + 18*o + c. Let h(v) = v. Determine h(o).
4
Suppose -120 = -2*s - 8*s. Let z(a) = -a + 4. Determine z(s).
-8
Suppose -8 = -4*j + 8. Let t(l) = -j + l - 2*l - 1. Let f be -1*(5 - -2 - 2). Determine t(f).
0
Let o(j) = j**2 + 6*j. Let g be 5*(-4 - 162/(-30))*-1. Give o(g).
7
Suppose 4*h + 1 = 3*m + 5, -5*h + 2*m = -12. Let w be ((-6)/h)/(-1)*-2. Let n(o) be the first derivative of -o**4/4 - o**3 - o**2 - o - 5. Determine n(w).
5
Let r(q) be the third derivative of q**6/60 - q**5/60 + q**4/24 + q**3/6 - 14*q**2. Calculate r(3).
49
Let a(z) = -9*z - 2. Let k(b) = -6*b - 2. Let p(l) = 3*a(l) - 4*k(l). Give p(2).
-4
Let f(v) be the third derivative of v**4/24 + 7*v**3/6 - v**2 - 84. Calculate f(-3).
4
Let j be 3*(12/9 - -1). Let g(t) = -3*t + 32. Let r be g(10). Let s(y) = -y**r + 7*y - j*y**2 + y**2 - 2*y + 1 + y**3. Calculate s(6).
-5
Let d(h) be the second derivative of h**3/3 + h**2 - h. Let c = 94 + -90. Suppose 7*k + 18 = c. Give d(k).
-2
Let p(f) = -f**2 - f + 2. Let t be (6/4 - 1)/(7/(-56)). Determine p(t).
-10
Let g(b) = -5*b + 1. Let x(t) = -t + 8. Let d be x(11). Let f be (6 + d)*(-4)/6. Let q be f/(-2)*(-2)/2. Calculate g(q).
6
Let c(h) be the second derivative of h**4/4 - h**2 - 5*h - 2. What is c(2)?
10
Suppose 0*s = 2*s - 2. Suppose 0 = 5*b - 4 - s. Let m(h) be the second derivative of h**3/6 - h**2/2 + 8*h. Calculate m(b).
0
Let w be (-3)/3*11/(-11)*-3. Let r(o) = -o**3 - 4*o**2 - 3*o - 5. Give r(w).
-5
Suppose -12 = -7*h + 6*h. Let x(k) = 2*k - 26. Let q be x(h). Let d(t) = -4*t**2 - 2*t - 2. Determine d(q).
-14
Let o(v) = -8*v - 19. Suppose 3*l - 5*j = -3 - 18, -5*j = 5*l - 5. Let a be o(l). Let f(r) = -r**2 - 3*r - 2. Determine f(a).
-2
Let s(l) = -l**2 - 3*l + 5. Let k(n) = 4*n + 0 - 6 + n**2 - 4 + 5. Let j be k(-4). Let b be s(j). Let f(p) = -p + 1. Calculate f(b).
6
Let u(h) = 130*h + 131*h + 4 - 262*h. Give u(9).
-5
Let v = 3 - 0. Let w(c) be the second derivative of c**5/20 - c**4/3 + c**3/6 - c**2 + 17*c. Determine w(v).
-8
Let s(y) = 2*y**2 - 21*y - 13. Let v = 1741 - 1730. Determine s(v).
-2
Let b(u) = 3*u + 13. Let h be (-12)/(-18)*81/(-9). Give b(h).
-5
Let x = 8 + -6. Let m(g) = 2 + 54*g**2 - 4*g - 26*g**2 - 27*g**x. Give m(3).
-1
Let z(p) = 5*p**2 + 7*p - 7. Let d(o) = -11*o**2 - 14*o + 15. Let s(x) = -6*d(x) - 13*z(x). Let k be (3 + -2)*(-17 + 2). Let y = -8 - k. Calculate s(y).
1
Let k(s) = 6 - 12*s + 11*s + 7 - 7. Give k(7).
-1
Let l(b) = -21*b**3 - b**2 - b. Let u be 1/(-4) + -2*(-3)/(-8). Determine l(u).
21
Let z(p) = -3*p**3 - 26*p**2 + 5*p - 9. Let s(g) = g**3 + 9*g**2 - 2*g + 3. Let x(f) = -11*s(f) - 4*z(f). Let b = 28 + -57. Let i = b + 24. Determine x(i).
-7
Let a(p) = -p + 2. Let y(h) be the third derivative of 4/3*h**3 + 0 - 5/24*h**4 + h**2 + 0*h. Let c(m) = -9*a(m) + 2*y(m). Calculate c(-1).
-1
Let w(b) = 6*b - 5. Let p(g) = 5*g - 4. Let t(q) = q**3 + 3*q**2 - q + 1. Let d be t(-3). Let m(y) = d*w(y) - 5*p(y). Give m(-4).
4
Let u(k) = k**2 - 7*k + 5. Let a(h) = -11 + 2*h + 13 - 24. Let n be a(13). What is u(n)?
-7
Let u(l) be the second derivative of l**3/2 - l**2 - 7*l. Let c = -35 + 37. Determine u(c).
4
Suppose 5 = -2*i + 4*c - 7, 2*c = 3*i - 2. Let d(t) = -i + 4 + 14*t - 17*t. Calculate d(-1).
3
Let q(r) = -2*r**3 + 2*r**2 + r - 2. Let x be 1/((-14)/(-10) - (-4)/(-10)). Suppose -i = 4*c - 1 - x, 5*i - 4*c = 10. What is q(i)?
-8
Let z(p) = 3*p**2 + 2 - 832*p**3 + 5*p + 833*p**3 - 2*p. Calculate z(-5).
-63
Let d(c) = -c**3 + 11*c**2 + 11*c + 19. Let a(x) = -5*x - 58. Let s be a(-14). Determine d(s).
7
Let y = 681 + -679. Let t = -3 - -6. Let k(d) = -3*d**3 - 2 + 0 + d**2 + 4*d**t - 2*d**2. Calculate k(y).
2
Let i(j) = -19 + 4 + 0*j + 2 + 4*j + 2. Give i(3).
1
Let l(x) = -3*x**2 - 5*x + 62. Let h be l(-6). Let c(g) = -g - 20. Determine c(h).
-4
Let l(w) = 15*w**2 + w + 1. Let r(c) = -c. Let o(k) = 3*k. Let v(z) = o(z) + 2*r(z). Let y be v(4). Suppose 10*j - y = 14*j. Give l(j).
15
Suppose 0 = 3*c - c - f + 8, 0 = c - 2*f - 2. Let u(m) = -6*m**2 - 5 - 5*m + m**3 + 16*m**2 - 5*m**2 + 12. Give u(c).
1
Let h(q) = -q**3 + q**2 + q. Let n be (-3)/(-3) + 3 + -5 + 2. Let g(b) = -2*b**3 + b**2 + 19. Let a(f) = n*h(f) - g(f). Give a(0).
-19
Let j(v) = 34*v**3 + v**2 - 3*v + 1. Let w be j(1). Suppose -34*d + w*d = 2. Let s(x) = x**2 + x. Calculate s(d).
2
Suppose 3*i = -3*m + 144, i - 23 = 5*m - 5. Let x = i + -44. Let y(j) = -9*j**3 - j - j**2 - 13*j**3 + 6*j**3. Calculate y(x).
16
Let l(m) = 17*m**2 - 16*m + 10. Let x(n) = 7*n**2 - 8*n + 6. Let p(a) = 2*l(a) - 5*x(a). Give p(4).
6
Let q(a) = -a**3 - 2*a**2 - 3*a - 2. Let s(p) = -5*p - 30. Let z be s(-6). Suppose z*h + 4 = -2*h. What is q(h)?
4
Let h(r) = -2*r**2 + 2. Let x be h(-2). Let w(n) = 5*n + 2. Let v = 11 + -4. Let t(y) = 6*y + 2. Let a(g) = v*w(g) + x*t(g). Give a(2).
0
Let i(g) = -g - 3*g**2 + 10*g**2 + 3 - 10*g**2 + 4*g**2 - 4*g. Determine i(6).
9
Let u(r) be the first derivative of r**3/3 - r**2 + 4*r - 2995. Suppose -3*d + 8 = 2*y + 3*y, -5*y = 5*d - 10. Let q be ((-1)/d - 0) + 4. Calculate u(q).
7
Let n(k) = 5*k - 13. Let a(x) = -6*x - 10*x + 15 + 2*x + 23. Let i(r) = -3*a(r) - 8*n(r). What is i(7)?
4
Let g(c) = -53*c + 165. Let z be g(3). Let u(o) = o**3 - 7*o**2 + o - 2. Determine u(z).
-32
Let w(f) be the second derivative of -f**4/6 - 5*f**3/2 + 2*f**2 - 2*f + 85. Determine w(-8).
-4
Let f(s) = -s**3 - 3*s**2 + 6*s - 3. Let g be (-1)/(-36)*1412 - 4/18. Suppose -g + 9 = 3*q + 3*c, -c = 2*q + 15. Determine f(q).
17
Let k be 40/(-50)*(-10)/4. Let f be k/(-9) + (-20)/(-9). Let b(g) = g + 2. Let o be b(f). Let y(d) = d - 4. Calculate y(o).
0
Let s(w) = 12*w**2 - 1. Let p(g) = -24*g**2 + 2. Let l(f) = -3*p(f) - 5*s(f). Suppose 5*c = 4*r - 7 - 4, -3*r + 16 = 4*c. Suppose -r = y + 3*y. Determine l(y).
11
Let i(v) be the third derivative of -v**4/24 - v**3/3 - 47*v**2 + 1. What is i(6)?
-8
Let o(f) = 5*f**3 + 8*f**2 - 9*f + 7. Let q(l) = -l**3 - l**2 + l - 1. Let c(h) = o(h) + 6*q(h). Give c(2).
-5
Let h(d) = d**2 - 9*d + 12. Let o be h(7). Let l(i) be the second derivative of -i**3/2 + i**2/2 - 8*i. What is l(o)?
7
Let h(i) = -i**3 + 6*i**2 - 5*i - 4. Suppose 0 = -10*j + 15*j - 20. Calculate h(j).
8
Let r(x) = x**2 - 5*x - 8. Suppose -4*g - 5*d + 240 = -45, 2*d + 250 = 4*g. Suppose 59*w = g*w - 36. What is r(w)?
-2
Let x(g) = 2*g + 11. Suppose -10*y = -2 + 42. Calculate x(y).
3
Suppose 5*m - m - 8 = 0. Let f(v) = -7*v - 27 + 4*v + 29 + 11*v - 6*v. What is f(m)?
6
Let q(c) = c**3 - 3. Let t be q(2). Let l(n) = 2 + t*n**3 - 1 - 2*n**2 - 7*n**3. Calculate l(-1).
1
Let r(m) = 10*m + 44. Let z be r(-4). Let c(p) = 3